{"id":8,"date":"2008-05-08T14:46:48","date_gmt":"2008-05-08T12:46:48","guid":{"rendered":"http:\/\/www.koelner-glasperlenwerkstatt.de\/blog\/?page_id=8"},"modified":"2025-04-02T21:05:24","modified_gmt":"2025-04-02T19:05:24","slug":"uber-mich","status":"publish","type":"page","link":"https:\/\/www.koelner-glasperlenwerkstatt.de\/blog\/?page_id=8","title":{"rendered":"Vita"},"content":{"rendered":"<p><a href=\"http:\/\/www.koelner-glasperlenwerkstatt.de\/blog\/wp-content\/uploads\/Angela-Liane-Wagner-8.jpg\"><img loading=\"lazy\" class=\"aligncenter size-medium wp-image-723\" title=\"Angela Liane Wagner 8\" src=\"http:\/\/www.koelner-glasperlenwerkstatt.de\/blog\/wp-content\/uploads\/Angela-Liane-Wagner-8-300x291.jpg\" alt=\"\" width=\"300\" height=\"291\" srcset=\"https:\/\/www.koelner-glasperlenwerkstatt.de\/blog\/wp-content\/uploads\/Angela-Liane-Wagner-8-300x291.jpg 300w, https:\/\/www.koelner-glasperlenwerkstatt.de\/blog\/wp-content\/uploads\/Angela-Liane-Wagner-8.jpg 800w\" sizes=\"(max-width: 300px) 100vw, 300px\" \/><\/a><\/p>\n<p>Mein Name ist Angela Liane Wagner. Seit 2004 fertige ich aus Lauscha- und Morettifarbglas in meinem Atelier in K\u00f6ln Braunsfeld sehr individuelle, ornamentale und frei gestaltete Glasperlen an.<br \/>\nBesonders die Einlage von Gold und Silber machen sie zu kleinen unverwechselbaren Kunstwerken.<\/p>\n<p>Ich verarbeite meine Glasperlen in einer benachbarten Goldschmiede unter Verwendung von Edelmetallen, Perlen und Halbedelsteinen zu einzigartigen Schmuckst\u00fccken, wobei ich gerne auf die pers\u00f6nlichen Kundenw\u00fcnsche eingehe..<\/p>\n<p>Seit 2005 Seminarleiterin bei GLS in K\u00f6ln<\/p>\n<p>Seit 2006 Kursleiterin im Glasmuseum in Rheinbach f\u00fcr\u00a0 Glasperlen , Gravur und Sandstrahlen<\/p>\n<p>Bis 2024 Partner von Jochen Schweizer Erlebnisgeschenke, auf eigenen Wunsch beendet.<\/p>\n<h3>Wettbewerbspreis<\/h3>\n<p>F\u00fcr meine &#8222;Duftperlen mit Silber&#8220;\u00a0beim Wettbewerb <em>Angel<\/em> von Thierry Mugler<\/p>\n<h3>Publikationen<\/h3>\n<p>K\u00f6ln, das Hausbuch f\u00fcr Herbst und Winter ISBN: 978-3-7700-1443-9<br \/>\nRadio K\u00f6ln<br \/>\nwomen\u00b4s edition<br \/>\nK\u00f6lner Express<br \/>\nK\u00f6lner Stadtanzeiger<br \/>\nGlas&#8230;Perlen&#8230;eigenArt, D (ISBN 978-3-00-022186-6)<\/p>\n<h3>Tutorial<\/h3>\n<p>Vorsicht Glas! Nr.7 Muscheln<\/p>\n<p>Vorsicht Glas! Nr.10 Schneemann<\/p>\n<h3>Meine Fortbildungen<\/h3>\n<p><strong>2019<\/strong><\/p>\n<p>Fertigstellung meiner Glasarbeit f\u00fcr den Boden der Muschelkapelle in Br\u00fchl an Schlo\u00df Falkenlust<\/p>\n<p><strong>2017<\/strong><\/p>\n<p>Bronwen Heilmann USA<\/p>\n<p>Holly Cooper, USA<\/p>\n<p>Kursus Tiefenstrahlen, Deutschland<\/p>\n<p><strong>2016<\/strong><\/p>\n<p>Angelika Kaufmann, Deutschland<\/p>\n<p>Januar: Glasbearbeitung Sandstrahlen<br \/>\nJanuar: Kalligraphie<br \/>\nJuni: Glasbearbeitung Sandstrahlen<\/p>\n<p><u><b>Ausstellungen und Kunstm\u00e4rkte 2017<\/b><\/u><\/p>\n<p>April: Fr\u00fchlingsmarkt im Glasmuseum Rheinbach<\/p>\n<p>Charity, Spende Perlenverkauf 500,00\u20ac\u00a0 zu Gunsten der Jugendarbeit<\/p>\n<p>Mai Tag der Begegnung, Kultur\u00a0 im Rheinpark K\u00f6ln , Museumsdienst K\u00f6ln<\/p>\n<p><u><b>Ausstellungen und Kunstm\u00e4rkte 2016<\/b><\/u><br \/>\nFebruar: Landesmuseum Bonn<br \/>\nM\u00e4rz: Glasmuseum Rheinbach<br \/>\nApril : Glasarbeiten Landesmuseum Bonn<br \/>\nApril: Fr\u00fchlingsmarkt im Glasmuseum Rheinbach<br \/>\nMai: 39.Internationaler Museumstag im Glasmuseum Rheinbach<br \/>\nJuni: Landesmuseum Bonn<br \/>\nJuni: Ausw\u00e4rtige Termine Kurse in Norddeutschland<br \/>\nJuli: Glasarbeiten K\u00f6ln<br \/>\nAugust: Glasarbeiten K\u00f6ln<br \/>\nSeptember: Glasarbeiten K\u00f6ln\u00a0 und Glasmuseum Rheinbach<br \/>\nOktober: Glasarbeiten K\u00f6ln<br \/>\nNovember: Ausstellung<br \/>\nDezember: Wohlt\u00e4tigkeitsveranstaltung Weihnachtsmarkt<\/p>\n<p><b><u>Fortbildung 2015<\/u><\/b><br \/>\nOktober: Workshop mit den internationalen Glask\u00fcnstlern aus Deutschland Finnland,Tschechien, Niederlande und England.<br \/>\nOktober: Glasbearbeitung in der Glasfachschule Rheinbach<\/p>\n<p><strong>2014<\/strong><\/p>\n<p>Beginn der Herstellung des Glases und der Glasperlen, f\u00fcr die Restaurierung der Muschelkapelle vom 1740 n.Chr. in Br\u00fchl im Rheinland, an Schlo\u00df Falkenlust.<\/p>\n<p><strong>2012 <\/strong><br \/>\nAstrid Riedel, South Africa<\/p>\n<p><strong>2011 <\/strong><br \/>\nJennifer Geldard, USA<\/p>\n<p><strong>2008<\/strong><br \/>\nAndrea Guarino (USA)<\/p>\n<p><strong>2007<br \/>\n<\/strong><br \/>\nKimberly Affleck (USA)<br \/>\nMichael Barley (USA)<br \/>\nLoren Stump (USA)<\/p>\n<p><strong>2006<br \/>\n<\/strong>Teresa Laliberte (D), Glasmalerei und Emailletechnik auf Glasperlen<br \/>\nAkihiro Ohkama ( J )<br \/>\nEvan Hollander ( USA )<br \/>\nMichi Suzuki ( J )<\/p>\n<p><strong>2005<br \/>\n<\/strong>Pati Walton, Larkspur, Colorado (USA)<br \/>\nJohn Olson, Larkspur, Colorado (USA)<br \/>\nJames Smircich, Oregon ( USA)<\/p>\n<p><strong>2004<\/strong><br \/>\nLiane J\u00e4hde, Brunsbeck (D)<br \/>\nCorina Tettinger, Friday Harbor, Washington (USA)<br \/>\nIsi Merkel (D)<\/p>\n<h3>Veranstaltungen<\/h3>\n<p><u><b>Ausstellungen und Kunstm\u00e4rkte 2015<\/b><\/u><br \/>\nSabbatjahr<\/p>\n<p><u><b>Ausstellungen und Kunstm\u00e4rkte 2014<\/b><\/u><br \/>\nApril: Glasmuseum Rheinbach<br \/>\nApril: Anfertigungen<br \/>\nApril: Goldschmiede<br \/>\nMai Museumstag<br \/>\nJuni Ausw\u00e4rts<br \/>\nJuli Werkstatt<br \/>\nAugust Rheinbach<br \/>\nSeptember Glasmuseum Rheinbach Kurs<\/p>\n<p><strong>Ausstellungen und Kunstm\u00e4rkte 2013<\/strong><br \/>\nApril: Glasmuseum<br \/>\nMai : Internationaler Museumstag<br \/>\nMai : Glasperlenkurs im Glasmuseum Rheinbach<br \/>\nMai: Kunstmarkt<br \/>\nSeptember: Ausstellung<br \/>\nSeptember: Glasperlenkurs im Glasmuseum Rheinbach<br \/>\nOktober:Kunstmarkt<br \/>\nOktober: Ende der diesj\u00e4hrigen Glasperlenkurse, Beginn erst wieder ab April 2014<br \/>\nNovember: Weihnachtsmarkt<br \/>\nDezember: Adventsmarkt im Museum<\/p>\n<p><span style=\"text-decoration: underline;\"><strong>Ausstellungen und Kunstm\u00e4rkte 2012<\/strong><\/span><\/p>\n<p>Januar : Glasperlenkurs im Glasmuseum Rheinbach<br \/>\nM\u00e4rz : Fortgeschrittenkurs im Glasmuseum in Rheinbach<br \/>\nApril : Fr\u00fchlingsfest Glasmuseum Rheinbach<br \/>\nMai : Kunstmarkt<br \/>\nJuni : Vinissage Kunstmeile Longerich<br \/>\nOktober : Kunstmarkt<br \/>\nNovember : Ausstellung in Rheinbach<br \/>\nDezember : Adventsmarkt im Museum<br \/>\nDezember : Markt der Engel Weihnachtsmarkt in K\u00f6ln<\/p>\n<p><span style=\"text-decoration: underline;\"><strong>Ausstellungen und Kunstm\u00e4rkte 2011<\/strong><\/span><\/p>\n<p>April: Glasmuseum Rheinbach<br \/>\nApril: GLS K\u00f6ln<br \/>\nMai : Kunstmarkt<br \/>\nJuli : Kunstmarkt<br \/>\nAugust: Kunstmarkt<br \/>\nSeptember: Austellung<br \/>\nOktober: Tag der offenen T\u00fcr<br \/>\nNovember: Kunstmarkt<br \/>\nDezember: Weihnachtsmarkt<\/p>\n<p><span style=\"text-decoration: underline;\"><strong>Ausstellungen und Kunstm\u00e4rkte 2010<\/strong><\/span><\/p>\n<p>April: Kurs im Glasmuseum in Rheinbach<\/p>\n<p>April: Fr\u00fchlingsfest im Glasmuseum Rheinbach<\/p>\n<p>Mai : Internationaler Museumstag<\/p>\n<p>Mai : Glasperlenausstellung in K\u00f6ln<\/p>\n<p>Mai : Kurs im Glasmuseum Rheinbach<\/p>\n<p>Juni: Kunsthandwerkermarkt<\/p>\n<p>Juli: Kunsthandwerkergartenfest<\/p>\n<p>Juli: Ausw\u00e4rts in Hessen<\/p>\n<p>September: Schmuckausstellung<\/p>\n<p>September: Kunsthandwerkermarkt<\/p>\n<p>Oktober: Unterricht im Glasmuseum in Rheinbach<\/p>\n<p>November: Charityveranstaltung<\/p>\n<p>Dezember: Markt der Engel, K\u00f6ln Weihnachtsmarkt auf dem Neumarkt<\/p>\n<p><strong><span style=\"text-decoration: underline;\">Charity 2010<\/span><\/strong><\/p>\n<p>Glasengelverkauf f\u00fcr:<br \/>\nTerre des homes<br \/>\nLichtblicke e.V.<br \/>\nDie gute Tat e.V.<br \/>\nKinderdorf Bethanien, Refrath<\/p>\n<p><span style=\"text-decoration: underline;\"><strong>Kurse in meiner Werkstatt<\/strong><\/span><\/p>\n<p>Am 06.06.2010 ist Claudia Pagel bei mir zu Gast ( ausgebucht)<\/p>\n<p><strong>2009<br \/>\n<\/strong>17. Mai: Internationaler Museumstag 2009 im Glasmuseum Rheinbach<\/p>\n<h3>Veranstaltungen<\/h3>\n<p><strong>2008<br \/>\n<\/strong>18. Mai: Internationaler Museumstag 2008 im Glasmuseum Rheinbach<\/p>\n<p><strong>2007<br \/>\n<\/strong>Januar 2004 &#8211; 2007:\u00a0Drei Jahre Glasperlengestaltung<br \/>\n24. Februar: Pressentest und Werkzeugtausch, eine Presse wird unter den Anwesenden verlost<br \/>\n15. April: K\u00f6ln Stadtgarten<br \/>\n22. April: K\u00f6ln Kunstmarkt<br \/>\n9.-10. Juni: Ausstellung und Vorf\u00fchrung Kunst- und Kunsthandwerk im Glasmuseum Rheinbach<br \/>\nAugust: Umzug in meine\u00a0neue Glasperlenwerkstatt in K\u00f6ln-Braunsfeld<br \/>\nSeptember: Kunstmarkt Ausstellung<br \/>\n22.-23. September: Ausstellung<br \/>\nDezember: Kunstmarkt Weihnachtsausstellung<br \/>\nDezember: Weihnachtsausstellung Museum<\/p>\n<p><strong>2006<br \/>\n<\/strong>8. April: Perlenkaffee \u201eAlles Kaffee oder was?&#8220;. Informative Plauderei rund um die Perle, Glas und mehr.<br \/>\n8. Juli: 3. Pressentest<br \/>\n23. September: Glasperlenvorf\u00fchrung anl\u00e4sslich der Hausmesse bei GLS, Niederlassung K\u00f6ln<br \/>\n12. November: Kunstmarkt K\u00f6ln<br \/>\n18. November: Kreatives Herbstfest\u00a0in K\u00f6ln-Dellbr\u00fcck, Charity-Veranstaltung mit\u00a0Kaffee- und Kuchenverkauf zu Gunsten des Kinderdorfs Bethanien (Refrath)<br \/>\n2. Dezember: Adventsbasar Kinderdorf Bethanien, Charity f\u00fcr die Stra\u00dfenkinder in Lettland<br \/>\n<strong><br \/>\n2005<br \/>\n<\/strong>2. Juli: Pressentest<br \/>\n13. August: Biege- und F\u00e4delkurs unter der Leitung von Daniela Lennertz aus M\u00fcnchen<br \/>\nSeptember: Glasperlenvorf\u00fchrung anl\u00e4sslich der Hausmesse bei GLS, Niederlassung K\u00f6ln<\/p>\n<p><span style=\"border-radius: 2px; text-indent: 20px; width: auto; padding: 0px 4px 0px 0px; text-align: center; font: bold 11px\/20px 'Helvetica Neue',Helvetica,sans-serif; color: #ffffff; background: #bd081c no-repeat scroll 3px 50% \/ 14px 14px; position: absolute; opacity: 1; z-index: 8675309; display: none; cursor: pointer;\">Merken<\/span><\/p>\n<p><span style=\"border-radius: 2px; text-indent: 20px; width: auto; padding: 0px 4px 0px 0px; text-align: center; font: bold 11px\/20px 'Helvetica Neue',Helvetica,sans-serif; color: #ffffff; background: #bd081c no-repeat scroll 3px 50% \/ 14px 14px; position: absolute; opacity: 1; z-index: 8675309; display: none; cursor: pointer;\">Merken<\/span><\/p>\n<p><span style=\"border-radius: 2px; text-indent: 20px; width: auto; padding: 0px 4px 0px 0px; text-align: center; font: bold 11px\/20px 'Helvetica Neue',Helvetica,sans-serif; color: #ffffff; background: #bd081c no-repeat scroll 3px 50% \/ 14px 14px; position: absolute; opacity: 1; z-index: 8675309; display: none; cursor: pointer;\">Merken<\/span><\/p>\n<p><span style=\"border-radius: 2px; text-indent: 20px; width: auto; padding: 0px 4px 0px 0px; text-align: center; font: bold 11px\/20px 'Helvetica Neue',Helvetica,sans-serif; color: #ffffff; background: #bd081c no-repeat scroll 3px 50% \/ 14px 14px; position: absolute; opacity: 1; z-index: 8675309; display: none; cursor: pointer;\">Merken<\/span><\/p>\n<p><span style=\"border-radius: 2px; text-indent: 20px; width: auto; padding: 0px 4px 0px 0px; text-align: center; font: bold 11px\/20px 'Helvetica Neue',Helvetica,sans-serif; color: #ffffff; background: #bd081c no-repeat scroll 3px 50% \/ 14px 14px; position: absolute; opacity: 1; z-index: 8675309; display: none; cursor: pointer;\">Merken<\/span><\/p>\n<p><span style=\"border-radius: 2px; text-indent: 20px; width: auto; padding: 0px 4px 0px 0px; text-align: center; font: bold 11px\/20px 'Helvetica Neue',Helvetica,sans-serif; color: #ffffff; background: #bd081c no-repeat scroll 3px 50% \/ 14px 14px; position: absolute; opacity: 1; z-index: 8675309; display: none; cursor: pointer;\">Merken<\/span><\/p>\n<p><span style=\"border-radius: 2px; text-indent: 20px; width: auto; padding: 0px 4px 0px 0px; text-align: center; font: bold 11px\/20px 'Helvetica Neue',Helvetica,sans-serif; color: #ffffff; background: #bd081c no-repeat scroll 3px 50% \/ 14px 14px; position: absolute; opacity: 1; z-index: 8675309; display: none; cursor: pointer;\">Merken<\/span><\/p>\n<p><span style=\"border-radius: 2px; text-indent: 20px; width: auto; padding: 0px 4px 0px 0px; text-align: center; font: bold 11px\/20px 'Helvetica Neue',Helvetica,sans-serif; color: #ffffff; background: #bd081c no-repeat scroll 3px 50% \/ 14px 14px; position: absolute; opacity: 1; z-index: 8675309; display: none; cursor: pointer;\">Merken<\/span><\/p>\n<p><span style=\"border-radius: 2px; text-indent: 20px; width: auto; padding: 0px 4px 0px 0px; text-align: center; font: bold 11px\/20px 'Helvetica Neue',Helvetica,sans-serif; color: #ffffff; background: #bd081c no-repeat scroll 3px 50% \/ 14px 14px; position: absolute; opacity: 1; z-index: 8675309; display: none; cursor: pointer;\">Merken<\/span><\/p>\n<p><span style=\"border-radius: 2px; text-indent: 20px; width: auto; padding: 0px 4px 0px 0px; text-align: center; font: bold 11px\/20px 'Helvetica Neue',Helvetica,sans-serif; color: #ffffff; background: #bd081c no-repeat scroll 3px 50% \/ 14px 14px; position: absolute; opacity: 1; z-index: 8675309; display: none; cursor: pointer;\">Merken<\/span><\/p>\n<p><span style=\"border-radius: 2px; text-indent: 20px; width: auto; padding: 0px 4px 0px 0px; text-align: center; font: bold 11px\/20px 'Helvetica Neue',Helvetica,sans-serif; color: #ffffff; background: #bd081c no-repeat scroll 3px 50% \/ 14px 14px; position: absolute; opacity: 1; z-index: 8675309; display: none; cursor: pointer;\">Merken<\/span><\/p>\n<p><span style=\"border-radius: 2px; text-indent: 20px; width: auto; padding: 0px 4px 0px 0px; text-align: center; font: bold 11px\/20px 'Helvetica Neue',Helvetica,sans-serif; color: #ffffff; background: #bd081c no-repeat scroll 3px 50% \/ 14px 14px; position: absolute; opacity: 1; z-index: 8675309; display: none; cursor: pointer;\">Merken<\/span><\/p>\n<p><span style=\"border-radius: 2px; text-indent: 20px; width: auto; padding: 0px 4px 0px 0px; text-align: center; font: bold 11px\/20px 'Helvetica Neue',Helvetica,sans-serif; color: #ffffff; background: #bd081c  no-repeat scroll 3px 50% \/ 14px 14px; position: absolute; opacity: 1; z-index: 8675309; display: none; cursor: pointer;\">Merken<\/span><\/p>\n","protected":false},"excerpt":{"rendered":"<p>Mein Name ist Angela Liane Wagner. Seit 2004 fertige ich aus Lauscha- und Morettifarbglas in meinem Atelier in K\u00f6ln Braunsfeld sehr individuelle, ornamentale und frei gestaltete Glasperlen an. Besonders die Einlage von Gold und Silber machen sie zu kleinen unverwechselbaren Kunstwerken. Ich verarbeite meine Glasperlen in einer benachbarten Goldschmiede unter Verwendung von Edelmetallen, Perlen und [&hellip;]<\/p>\n","protected":false},"author":1,"featured_media":0,"parent":0,"menu_order":1,"comment_status":"open","ping_status":"open","template":"","meta":[],"_links":{"self":[{"href":"https:\/\/www.koelner-glasperlenwerkstatt.de\/blog\/index.php?rest_route=\/wp\/v2\/pages\/8"}],"collection":[{"href":"https:\/\/www.koelner-glasperlenwerkstatt.de\/blog\/index.php?rest_route=\/wp\/v2\/pages"}],"about":[{"href":"https:\/\/www.koelner-glasperlenwerkstatt.de\/blog\/index.php?rest_route=\/wp\/v2\/types\/page"}],"author":[{"embeddable":true,"href":"https:\/\/www.koelner-glasperlenwerkstatt.de\/blog\/index.php?rest_route=\/wp\/v2\/users\/1"}],"replies":[{"embeddable":true,"href":"https:\/\/www.koelner-glasperlenwerkstatt.de\/blog\/index.php?rest_route=%2Fwp%2Fv2%2Fcomments&post=8"}],"version-history":[{"count":45,"href":"https:\/\/www.koelner-glasperlenwerkstatt.de\/blog\/index.php?rest_route=\/wp\/v2\/pages\/8\/revisions"}],"predecessor-version":[{"id":2093,"href":"https:\/\/www.koelner-glasperlenwerkstatt.de\/blog\/index.php?rest_route=\/wp\/v2\/pages\/8\/revisions\/2093"}],"wp:attachment":[{"href":"https:\/\/www.koelner-glasperlenwerkstatt.de\/blog\/index.php?rest_route=%2Fwp%2Fv2%2Fmedia&parent=8"}],"curies":[{"name":"wp","href":"https:\/\/api.w.org\/{rel}","templated":true}]}}