{"id":11,"date":"2008-05-12T14:10:26","date_gmt":"2008-05-12T12:10:26","guid":{"rendered":"http:\/\/www.koelner-glasperlenwerkstatt.de\/blog\/?page_id=11"},"modified":"2024-04-21T20:26:10","modified_gmt":"2024-04-21T18:26:10","slug":"impressum","status":"publish","type":"page","link":"https:\/\/www.koelner-glasperlenwerkstatt.de\/blog\/?page_id=11","title":{"rendered":"Impressum"},"content":{"rendered":"<p><strong>Angela Liane Wagner<\/strong><br \/>\nScheidtweilerstrasse 75<br \/>\n50933 K\u00f6ln<br \/>\nTelefon: +49 (0)151 1818 9191<br \/>\nEmail: info@koelner-glasperlenwerkstatt.de<\/p>\n<p>USt.-IdNr.: DE 813893102<\/p>\n<p>verantwortlich f\u00fcr den Inhalt (gem\u00e4\u00df \u00a7 6 mdstv):<br \/>\nAngela Liane Wagner<\/p>\n","protected":false},"excerpt":{"rendered":"<p>Angela Liane Wagner Scheidtweilerstrasse 75 50933 K\u00f6ln Telefon: +49 (0)151 1818 9191 Email: info@koelner-glasperlenwerkstatt.de USt.-IdNr.: DE 813893102 verantwortlich f\u00fcr den Inhalt (gem\u00e4\u00df \u00a7 6 mdstv): Angela Liane Wagner<\/p>\n","protected":false},"author":1,"featured_media":0,"parent":0,"menu_order":3,"comment_status":"open","ping_status":"open","template":"","meta":[],"_links":{"self":[{"href":"https:\/\/www.koelner-glasperlenwerkstatt.de\/blog\/index.php?rest_route=\/wp\/v2\/pages\/11"}],"collection":[{"href":"https:\/\/www.koelner-glasperlenwerkstatt.de\/blog\/index.php?rest_route=\/wp\/v2\/pages"}],"about":[{"href":"https:\/\/www.koelner-glasperlenwerkstatt.de\/blog\/index.php?rest_route=\/wp\/v2\/types\/page"}],"author":[{"embeddable":true,"href":"https:\/\/www.koelner-glasperlenwerkstatt.de\/blog\/index.php?rest_route=\/wp\/v2\/users\/1"}],"replies":[{"embeddable":true,"href":"https:\/\/www.koelner-glasperlenwerkstatt.de\/blog\/index.php?rest_route=%2Fwp%2Fv2%2Fcomments&post=11"}],"version-history":[{"count":6,"href":"https:\/\/www.koelner-glasperlenwerkstatt.de\/blog\/index.php?rest_route=\/wp\/v2\/pages\/11\/revisions"}],"predecessor-version":[{"id":2063,"href":"https:\/\/www.koelner-glasperlenwerkstatt.de\/blog\/index.php?rest_route=\/wp\/v2\/pages\/11\/revisions\/2063"}],"wp:attachment":[{"href":"https:\/\/www.koelner-glasperlenwerkstatt.de\/blog\/index.php?rest_route=%2Fwp%2Fv2%2Fmedia&parent=11"}],"curies":[{"name":"wp","href":"https:\/\/api.w.org\/{rel}","templated":true}]}}

<p><strong>Angela Liane Wagner</strong><br />
Scheidtweilerstrasse 75<br />
50933 Köln<br />
Telefon: +49 (0)151 1818 9191<br />
Email: info@koelner-glasperlenwerkstatt.de</p>
<p>USt.-IdNr.: DE 813893102</p>
<p>verantwortlich für den Inhalt (gemäß § 6 mdstv):<br />
Angela Liane Wagner</p>

<p>Angela Liane Wagner Scheidtweilerstrasse 75 50933 Köln Telefon: +49 (0)151 1818 9191 Email: info@koelner-glasperlenwerkstatt.de USt.-IdNr.: DE 813893102 verantwortlich für den Inhalt (gemäß § 6 mdstv): Angela Liane Wagner</p>
